{"id":29,"date":"2015-08-09T00:51:12","date_gmt":"2015-08-08T22:51:12","guid":{"rendered":"http:\/\/wp.lsv-geilenkirchen.de\/?page_id=29"},"modified":"2025-11-18T18:59:21","modified_gmt":"2025-11-18T17:59:21","slug":"verein","status":"publish","type":"page","link":"https:\/\/www.lsv-geilenkirchen.de\/?page_id=29","title":{"rendered":"Verein"},"content":{"rendered":"\t\t<div data-elementor-type=\"wp-post\" data-elementor-id=\"29\" class=\"elementor elementor-29\">\n\t\t\t\t\t\t<section class=\"elementor-section elementor-top-section elementor-element elementor-element-4500edb9 elementor-section-boxed elementor-section-height-default elementor-section-height-default\" data-id=\"4500edb9\" data-element_type=\"section\" data-e-type=\"section\">\n\t\t\t\t\t\t<div class=\"elementor-container elementor-column-gap-default\">\n\t\t\t\t\t<div class=\"elementor-column elementor-col-100 elementor-top-column elementor-element elementor-element-1a768722\" data-id=\"1a768722\" data-element_type=\"column\" data-e-type=\"column\">\n\t\t\t<div class=\"elementor-widget-wrap elementor-element-populated\">\n\t\t\t\t\t\t<div class=\"elementor-element elementor-element-5a59aab1 elementor-widget elementor-widget-text-editor\" data-id=\"5a59aab1\" data-element_type=\"widget\" data-e-type=\"widget\" data-widget_type=\"text-editor.default\">\n\t\t\t\t<div class=\"elementor-widget-container\">\n\t\t\t\t\t\t\t\t\t\n<div class=\"art-postcontent\">\n<div class=\"art-article\">\n<p><span style=\"color: #000000;\">Der Luftsportverein entstand aus der Initiative einiger Flugbegeisterter im Jahre 1958.<\/span><\/p>\n<p><span style=\"color: #000000;\">Die erste feste Unterstellm\u00f6glichkeit wurde dem Verein im Jahre 1968 von den damaligen englischen Platzherren zur Verf\u00fcgung gestellt.<\/span><\/p>\n<p><span style=\"color: #000000;\">Zu Anfang noch ein reiner Segelflugverein (1968 Ka 6e, 1969 Ka 13, 1979 erstes Kunststoffflugzeug die DG 100), der aus einer Modellfluggruppe entstanden ist, haben wir mit der Zeit die Sparten Motorsegler (1975 mit einer RF5 ) und Motorflug (1988 mit einer Elster C bzw. 1993 mit der TB-10), inklusive Ausbildung zum Piloten in diesen drei Sparten, aufgebaut.<\/span><\/p>\n<p><span style=\"color: #000000;\">2003 kam die Erlaubnis Piloten f\u00fcr PPL-N und PPL-A nach JAR-FCL ausbilden zu d\u00fcrfen.<\/span><\/p>\n<\/div>\n<p><span style=\"color: #000000;\">Anfang der 1970er Jahre waren wir umst\u00e4ndehalber gehalten, unseren Flugbetrieb auf andere Flugpl\u00e4tze zu verlegen. 1971 flogen wir ein ganzes Jahr in Wildenrath. 1972 folgte ein ganzes Jahr F-Schlepp im belgischen Zwartberg. Zwischenzeitlich wurde der Flugbetrieb f\u00fcr kurze Zeit nach Br\u00fcggen und auf die Dahlemer Binz verlegt.<\/span><\/p>\n<div class=\"art-article\">\n<p><span style=\"color: #000000;\">W\u00e4hrend der Bauphase durch die Nato im Jahre 1980, sowie die damit einhergehende ge\u00e4nderte milit\u00e4rische Nutzung des Flugplatzes, musste der Flugbetrieb vom S\u00fcd- auf den Nordbereich verlegt werden. Seitdem haben wir eine neue Bleibe im Nordbereich des Flugplatzes.<\/span><\/p>\n<p><span style=\"color: #000000;\">Im Jahr 2019 wurde mit dem Bau einer Graspiste in ETNG begonnen, welche eine L\u00e4nge von 760mx60m hat. Vereinfacht wurden die Arbeiten dadurch, dass mehrere Mitglieder im Baugewerbe t\u00e4tig waren und so auf fundiertes Wissen zur\u00fcckgegriffen werden konnte. Nachdem die Planungen fertig waren, wurden die Arbeiten \u00fcber mehrere Wochenende im Herbst\u00a0 2019 sogar bis sp\u00e4t in die Nacht hinein durch die Vereinsmitglieder des LSV Geilenkirchens und der FAG Aachen durchgef\u00fchrt. Aufgrund von Corona, konnte die Piste leider erst 1 Jahr sp\u00e4ter als geplant, in Betrieb genommen werden.\u00a0<\/span><\/p>\n<p><span style=\"color: #000000;\">Bilder vom Bau der Piste:<\/span><\/p>\n<p>\n\t\t<style type=\"text\/css\">\n\t\t\t#gallery-1 {\n\t\t\t\tmargin: auto;\n\t\t\t}\n\t\t\t#gallery-1 .gallery-item {\n\t\t\t\tfloat: left;\n\t\t\t\tmargin-top: 10px;\n\t\t\t\ttext-align: center;\n\t\t\t\twidth: 25%;\n\t\t\t}\n\t\t\t#gallery-1 img {\n\t\t\t\tborder: 2px solid #cfcfcf;\n\t\t\t}\n\t\t\t#gallery-1 .gallery-caption {\n\t\t\t\tmargin-left: 0;\n\t\t\t}\n\t\t\t\/* see gallery_shortcode() in wp-includes\/media.php *\/\n\t\t<\/style>\n\t\t<div id='gallery-1' class='gallery galleryid-29 gallery-columns-4 gallery-size-thumbnail'><dl class='gallery-item'>\n\t\t\t<dt class='gallery-icon landscape'>\n\t\t\t\t<a href='https:\/\/www.lsv-geilenkirchen.de\/?attachment_id=2709'><img decoding=\"async\" width=\"150\" height=\"150\" src=\"https:\/\/www.lsv-geilenkirchen.de\/wp-content\/uploads\/2025\/08\/20190928_1248411-150x150.jpg\" class=\"attachment-thumbnail size-thumbnail\" alt=\"\" \/><\/a>\n\t\t\t<\/dt><\/dl><dl class='gallery-item'>\n\t\t\t<dt class='gallery-icon landscape'>\n\t\t\t\t<a href='https:\/\/www.lsv-geilenkirchen.de\/?attachment_id=2707'><img decoding=\"async\" width=\"150\" height=\"150\" src=\"https:\/\/www.lsv-geilenkirchen.de\/wp-content\/uploads\/2025\/08\/20190928_120346-150x150.jpg\" class=\"attachment-thumbnail size-thumbnail\" alt=\"\" \/><\/a>\n\t\t\t<\/dt><\/dl><dl class='gallery-item'>\n\t\t\t<dt class='gallery-icon landscape'>\n\t\t\t\t<a href='https:\/\/www.lsv-geilenkirchen.de\/?attachment_id=2705'><img decoding=\"async\" width=\"150\" height=\"150\" src=\"https:\/\/www.lsv-geilenkirchen.de\/wp-content\/uploads\/2025\/08\/20191005_222424-150x150.jpg\" class=\"attachment-thumbnail size-thumbnail\" alt=\"\" \/><\/a>\n\t\t\t<\/dt><\/dl><dl class='gallery-item'>\n\t\t\t<dt class='gallery-icon landscape'>\n\t\t\t\t<a href='https:\/\/www.lsv-geilenkirchen.de\/?attachment_id=2702'><img loading=\"lazy\" decoding=\"async\" width=\"150\" height=\"150\" src=\"https:\/\/www.lsv-geilenkirchen.de\/wp-content\/uploads\/2025\/08\/20191013_115516-150x150.jpg\" class=\"attachment-thumbnail size-thumbnail\" alt=\"\" \/><\/a>\n\t\t\t<\/dt><\/dl><br style=\"clear: both\" \/><dl class='gallery-item'>\n\t\t\t<dt class='gallery-icon portrait'>\n\t\t\t\t<a href='https:\/\/www.lsv-geilenkirchen.de\/?attachment_id=2701'><img loading=\"lazy\" decoding=\"async\" width=\"150\" height=\"150\" src=\"https:\/\/www.lsv-geilenkirchen.de\/wp-content\/uploads\/2025\/08\/20210417_162802-150x150.jpg\" class=\"attachment-thumbnail size-thumbnail\" alt=\"\" \/><\/a>\n\t\t\t<\/dt><\/dl><dl class='gallery-item'>\n\t\t\t<dt class='gallery-icon landscape'>\n\t\t\t\t<a href='https:\/\/www.lsv-geilenkirchen.de\/?attachment_id=2711'><img loading=\"lazy\" decoding=\"async\" width=\"150\" height=\"150\" src=\"https:\/\/www.lsv-geilenkirchen.de\/wp-content\/uploads\/2025\/08\/piste21-150x150.jpg\" class=\"attachment-thumbnail size-thumbnail\" alt=\"\" \/><\/a>\n\t\t\t<\/dt><\/dl><dl class='gallery-item'>\n\t\t\t<dt class='gallery-icon landscape'>\n\t\t\t\t<a href='https:\/\/www.lsv-geilenkirchen.de\/?attachment_id=2700'><img loading=\"lazy\" decoding=\"async\" width=\"150\" height=\"150\" src=\"https:\/\/www.lsv-geilenkirchen.de\/wp-content\/uploads\/2025\/08\/20210918_135243-150x150.jpg\" class=\"attachment-thumbnail size-thumbnail\" alt=\"\" \/><\/a>\n\t\t\t<\/dt><\/dl>\n\t\t\t<br style='clear: both' \/>\n\t\t<\/div>\n<\/p>\n<p>\u00a0<\/p>\n<\/div>\n<\/div>\n\t\t\t\t\t\t\t\t<\/div>\n\t\t\t\t<\/div>\n\t\t\t\t\t<\/div>\n\t\t<\/div>\n\t\t\t\t\t<\/div>\n\t\t<\/section>\n\t\t\t\t<\/div>\n\t\t","protected":false},"excerpt":{"rendered":"<p>Der Luftsportverein entstand aus der Initiative einiger Flugbegeisterter im Jahre 1958. Die erste feste Unterstellm\u00f6glichkeit wurde dem Verein im Jahre 1968 von den damaligen englischen Platzherren zur Verf\u00fcgung gestellt. Zu Anfang noch ein reiner Segelflugverein (1968 Ka 6e, 1969 Ka 13, 1979 erstes Kunststoffflugzeug die DG 100), der aus einer \u2026 <a class=\"continue-reading-link\" href=\"https:\/\/www.lsv-geilenkirchen.de\/?page_id=29\"> Continue reading <span class=\"meta-nav\">&rarr; <\/span><\/a><\/p>\n","protected":false},"author":2,"featured_media":0,"parent":0,"menu_order":2,"comment_status":"closed","ping_status":"closed","template":"","meta":{"ngg_post_thumbnail":0,"footnotes":""},"class_list":["post-29","page","type-page","status-publish","hentry"],"_links":{"self":[{"href":"https:\/\/www.lsv-geilenkirchen.de\/index.php?rest_route=\/wp\/v2\/pages\/29","targetHints":{"allow":["GET"]}}],"collection":[{"href":"https:\/\/www.lsv-geilenkirchen.de\/index.php?rest_route=\/wp\/v2\/pages"}],"about":[{"href":"https:\/\/www.lsv-geilenkirchen.de\/index.php?rest_route=\/wp\/v2\/types\/page"}],"author":[{"embeddable":true,"href":"https:\/\/www.lsv-geilenkirchen.de\/index.php?rest_route=\/wp\/v2\/users\/2"}],"replies":[{"embeddable":true,"href":"https:\/\/www.lsv-geilenkirchen.de\/index.php?rest_route=%2Fwp%2Fv2%2Fcomments&post=29"}],"version-history":[{"count":15,"href":"https:\/\/www.lsv-geilenkirchen.de\/index.php?rest_route=\/wp\/v2\/pages\/29\/revisions"}],"predecessor-version":[{"id":2785,"href":"https:\/\/www.lsv-geilenkirchen.de\/index.php?rest_route=\/wp\/v2\/pages\/29\/revisions\/2785"}],"wp:attachment":[{"href":"https:\/\/www.lsv-geilenkirchen.de\/index.php?rest_route=%2Fwp%2Fv2%2Fmedia&parent=29"}],"curies":[{"name":"wp","href":"https:\/\/api.w.org\/{rel}","templated":true}]}}